.
892989
What is -ba6c (base 16) in base 11?
-32946
What is -7342262 (base 8) in base 3?
-10200010010111
104616443 (base 7) to base 14
bb0b93
Convert -8674594 (base 10) to base 7.
-133506235
What is -700225 (base 8) in base 10?
-229525
-2c92dd (base 14) to base 3
-2221100120000
What is 3629e (base 16) in base 2?
110110001010011110
What is 1110010011000001111110 (base 2) in base 4?
32103001332
What is -40202132 (base 5) in base 8?
-1157102
Convert 120133131101 (base 4) to base 7.
105400043
-5607c5 (base 14) to base 13
-7b37c9
Convert 43a072 (base 14) to base 16.
230144
Convert -111331041 (base 5) to base 2.
-1111001000010011011
10234224 (base 7) to base 10
865848
What is 215367 (base 12) in base 7?
4325023
What is -148667 (base 16) in base 14?
-2702c7
What is 1139781 (base 10) in base 3?
2010220111010
Convert 169674 (base 11) to base 4.
333320303
Convert 1212023030 (base 4) to base 10.
418508
-2563250 (base 10) to base 9
-4736105
What is 101101010010000010110110 (base 2) in base 5?
11014323030
What is 101211000100 (base 3) in base 6?
4321313
-835476 (base 9) to base 7
-4134252
-1418834 (base 10) to base 4
-11122121102
Convert -5bc91b (base 15) to base 14.
-826217
Convert -267707 (base 8) to base 11.
-64812
ba0db6 (base 15) to base 5
4232044341
24420444 (base 5) to base 4
320302300
Convert 1203121212 (base 4) to base 7.
3314001
What is 615386 (base 10) in base 2?
10010110001111011010
Convert -22110220020210 (base 3) to base 11.
-25a7a81
What is 172c237 (base 13) in base 6?
424543134
-2221220111 (base 3) to base 6
-1125404
What is -834844 (base 9) in base 16?
-7903f
Convert -3cd60 (base 16) to base 6.
-5201344
48339 (base 12) to base 8
275735
Convert -214155031 (base 7) to base 11.
-728a689
What is 1411275 (base 8) in base 5?
100214023
Convert -7befa (base 16) to base 2.
-1111011111011111010
What is c48ac (base 14) in base 12?
1aa160
What is 750507 (base 8) in base 15?
4e1dd
-66652601 (base 7) to base 9
-11750518
What is 11032641 (base 7) in base 15?
13b489
Convert -55316232 (base 8) to base 10.
-11902106
272849 (base 11) to base 2
1101000100011110000
Convert -1170435 (base 8) to base 11.
-201367
-3526606 (base 10) to base 6
-203330514
Convert -156601662 (base 7) to base 10.
-10689933
Convert 1115b95 (base 12) to base 3.
20010220221212
Convert -25260400 (base 7) to base 4.
-20231200123
What is 111133332 (base 4) in base 3?
11110210120
-4eb5d (base 16) to base 10
-322397
Convert -8081a9 (base 14) to base 2.
-10000011111111000011001
Convert 476b80 (base 12) to base 9.
2145866
Convert -211010121110121 (base 3) to base 6.
-1100041111
What is -23480 (base 15) in base 8?
-333413
What is -108083 (base 10) in base 11?
-74228
1403 (base 11) to base 14
93c
What is -323230103 (base 4) in base 3?
-110102101112
What is -1514612 (base 8) in base 5?
-102320042
Convert -4a1a47 (base 15) to base 7.
-42112141
1618657 (base 9) to base 14
195706
Convert -1233414201 (base 5) to base 4.
-23203210311
105156 (base 8) to base 13
13190
Convert -21100120022111 (base 3) to base 8.
-16721456
4153279 (base 11) to base 13
169601a
-110000110000010010100 (base 2) to base 10
-1597588
-30350 (base 10) to base 5
-1432400
Convert -378339 (base 12) to base 7.
-10462152
92434 (base 15) to base 13
132b74
252634224 (base 7) to base 8
75002524
What is -84a376 (base 11) in base 7?
-14365065
22111145 (base 8) to base 6
245534501
103223342 (base 5) to base 7
3533516
Convert 16a7015 (base 11) to base 15.
3c2575
-11272773 (base 8) to base 14
-47c999
What is -34874 (base 13) in base 15?
-1d648
Convert 5e04e (base 16) to base 6.
12130514
What is 1100000110100110011001 (base 2) in base 4?
30012212121
What is -a536 (base 13) in base 4?
-11211030
233121002 (base 4) to base 13
6a47b
7037a0 (base 15) to base 9
11018826
What is -2253960 (base 12) in base 11?
-3794605
Convert -10146141 (base 7) to base 3.
-1121021211220
Convert 262a5 (base 12) to base 13.
1aa26
-67068 (base 9) to base 15
-d2db
Convert 113221131210 (base 4) to base 10.
6199140
What is 216200 (base 16) in base 8?
10261000
What is 20298 (base 14) in base 4?
102320232
What is 98ec70 (base 15) in base 8?
33635126
What is 333201442 (base 5) in base 12?
5a4832
-17247 (base 15) to base 5
-4343032
Convert -18b42 (base 15) to base 14.
-212dc
-120330122 (base 5) to base 13
-167097
Convert 1222123151 (base 6) to base 14.
1c30cc3
Convert 15702a8 (base 11) to base 4.
22032031233
Convert 5312000 (base 6) to base 13.
90780
What is -104274 (base 13) in base 4?
-1130321202
What is 20322100312 (base 4) in base 11?
1355a13
-1002212112102 (base 3) to base 4
-2033202323
What is -1311210444 (base 5) in base 8?
-14234225
What is -3300605 (base 8) in base 15?
-1273d5
Convert 6f509 (base 16) to base 12.
19ba35
507757 (base 8) to base 2
101000111111101111
-118a154 (base 12) to base 7
-41024401
Convert -180101 (base 14) to base 5.
-204022344
Convert -2231452 (base 6) to base 14.
-2d33a
What is -b8690a (base 12) in base 5?
-1221232324
Convert -24b8c (base 16) to base 2.
-100100101110001100
Convert 2023112 (base 7) to base 11.
155231
What is -100011001000001001101000 (base 2) in base 10?
-9208424
Convert 121152 (base 11) to base 6.
4040054
131500123 (base 6) to base 11
151a202
60333 (base 8) to base 15
7530
-452016 (base 7) to base 11
-55066
48042 (base 12) to base 6
2024122
-76644 (base 9) to base 4
-30122023
-4602d (base 14) to base 3
-22122102120
What is -219684 (base 16) in base 2?
-1000011001011010000100
Convert 217071 (base 9) to base 10.
129826
Convert -e277c8 (base 15) to base 10.
-10757888
-111011100111011001000100 (base 2) to base 13
-331235b
-5909 (base 10) to base 6
-43205
-10104121402 (base 5) to base 7
-152616456
Convert 100111100100001011001 (base 2) to base 11.
806072
Convert 23322102 (base 4) to base 16.
be92
Convert -64672 (base 13) to base 2.
-101100010000001101
167508 (base 9) to base 15
20bdb
Convert -657a7b (base 12) to base 14.
-2dcbb9
Convert -5758 (base 15) to base 2.
-100100001100101
Convert 201300222 (base 4) to base 10.
138282
3114102443 (base 5) to base 12
2184377
What is -1201157 (base 9) in base 13?
-19a06b
What is 31231133031 (base 4) in base 2?
1101101101011111001101
-2563a3 (base 13) to base 16
-db88d
Convert 220254422 (base 6) to base 8.
17023416
What is -73461 (base 13) in base 6?
-4235333
-480bab (base 12) to base 7
-12612320
Convert -5816026 (base 11) to base 3.
-201010122001202
Convert 7067071 (base 9) to base 6.
212404444
1044151 (base 7) to base 6
2431514
11200201200222 (base 3) to base 14
48d08d
Convert 38688 (base 12) to base 2.
10010110011001000
Convert bb6819 (base 12) to base 7.
34205454
1715052 (base 10) to base 11
a715a9
What is -2360022 (base 7) in base 13?
-a67ca
4bb905 (base 15) to base 10
3633530
Convert 3c806 (base 15) to base 12.
94459
Convert 14110410 (base 5) to base 14.
3a920
Convert 103a299 (base 12) to base 15.
40861c
What is -1140523 (base 8) in base 13?
-abacc
Convert 1011101011111001 (base 2) to base 14.
1362d
Convert 4032678 (base 9) to base 14.
3dc862
150434440 (base 6) to base 15
4180d0
Convert -97066 (base 10) to base 7.
-552664
-175614 (base 9) to base 16
-1aa40
What is -19fef (base 16) in base 10?
-106479
56710152 (base 8) to base 2
101110111001000001101010
Convert 12101002101 (base 3) to base 8.
316451
Convert 22313313321 (base 4) to base 3.
12100210212120
-195d95 (base 14) to base 5
-212244332
Convert -5a1706 (base 14) to base 8.
-13572432
605a48 (base 11) to base 2
11101101110110001111
What is -22946 (base 15) in base 14?
-2c199
What is 3204423 (base 6) in base 2?
100110001101111111
-234431443 (base 5) to base 9
-2044864
Convert -152351251 (base 6) to base 4.
-30031322233
Convert 1715d5 (base 15) to base 7.
12335534
What is -45260 (base 8) in base 11?
-13402
-2024034 (base 8) to base 16
-8281c
What is -534a7 (base 14) in base 12?
-98563
Convert -206307 (base 8) to base 16.
-10cc7
What is -3002220 (base 4) in base 5?
-344311
What is -6822040 (base 9) in base 5?
-1420110104
4156402 (base 7) to base 11
3129a9
Convert 544141353 (base 6) to base 11.
5538112
-322dd2 (base 15) to base 8
-11072377
Convert -101100101000010101 (base 2) to base 4.
-230220111
Convert -1160144 (base 8) to base 16.
-4e064
What is 3211012221 (base 4) in base 6?
32040253
Convert -43d558 (base 14) to base 3.
-1110000011111